 40 + -4 - 90 - -42?
-12
-84 + 40 - -90 - 70
-24
What is -42 - (-1 - (1 + 2) - (-2459 - -2459))?
-38
What is the value of -53 + -126 + 90 + 42?
-47
Calculate (-32 - 32) + 12 + 38.
-14
(-2 + -2 + -10 + -3 - -11) + -17
-23
What is the value of -8 + 110 - (98 + -21 + -67)?
92
Evaluate 39 + -121 - (-9 + 23 + -55).
-41
Calculate -37 + 46 + 1 + -19.
-9
Evaluate (1 - -9) + (99 + -31 + -12 - -16).
82
Calculate 19 - -9 - 26 - (-34 - -2) - (2 - 7).
39
-29 + (-10 + (29 - 13) + -16 - -5)
-34
What is the value of ((-10 - -11) + -12 - 1) + -2 + 10 + -37?
-41
What is the value of 59 + -1 + (-2484 - -2468)?
42
Calculate -29 + (9 - (2 + 2 + (-19 - -18) - -9)).
-32
Calculate 230 + -243 + 66 - (1 + 9).
43
Calculate -2 + (-11 - (10 - ((30 - -6) + -9))) + -11.
-7
What is 113 - 25 - (-9 + 8 - (14 + -6))?
97
1 - (7 - -4) - (3 - (-7 - -30) - -7)
3
What is 12 + -37 + (30 - 12) + -41?
-48
What is the value of (9 - (-5 + 11)) + -8 - (-11 + 28)?
-22
Evaluate (-2 - -51) + (-2 + 2 - (-42 + 48)).
43
What is -6 - (13 - 109 - (7 + -3 + -20))?
74
17 + -5 + 4 + 64 + 2 + 0 + 10
92
Calculate -24 + -1 + 91 + (-64 - 6).
-4
(-2 - 0) + (31 - (-41 - -63)) + (-9 - 2)
-4
Calculate -179 - -267 - (-20 - 4).
112
What is -1 + -63 + (-9 + 2 - -11) + -8?
-68
What is -63 - (67 + -64) - (-24 + 1)?
-43
Evaluate (0 + 33 - (-361 + 368)) + (13 - 0).
39
Evaluate -29 + 67 + -1 + -11 + -80.
-54
54 - (75 - (83 - 9))
53
1720 + -1667 + 1 + 33
87
29 + -14 + -6 - (-49 + 1 + -6)
63
Evaluate (10 - -7 - -2 - (47 + -44)) + 1.
17
Evaluate 86 - (-34 + 61) - (-8 + 33).
34
(-2 - -83 - (-6 - (0 - 3))) + 2184 + -2188
80
What is -11 - -36 - 11 - (-4 - -43)?
-25
What is 72 + -45 + (-47 - -24)?
4
-46 + 95 + -17 - (-1 - -4)
29
Evaluate -4 + 2 + -1 + -635 + 657.
19
(-6 - (-2 - -6)) + -2 - (295 - 244)
-63
What is the value of 69 - (-115 - (-48 + -17))?
119
What is the value of 51 + -6 + (-218 - -167)?
-6
What is the value of -4 + 7 - (6 + 2)?
-5
-31 + -9 + ((-7 - 2) + 19 - -9)
-21
What is the value of 7 + 44 + (-500 - -438)?
-11
Calculate 31 - (15 - -15) - (-3 + 63 + -4).
-55
6 + -19 + (361 - 312)
36
What is the value of 2117 + -2195 - (-61 + 2)?
-19
Evaluate (18 - (-84 - -114)) + 111.
99
Calculate -922 + 877 + (81 - -1).
37
131 - 78 - (10 - 5 - -4)
44
What is the value of 829 + -876 + 70 + -2?
21
Evaluate 4 - (-33 - (-31 - -23)) - (-5 + -1).
35
What is the value of (28 - 41) + (22 - -1) + (0 + 15 - -1)?
26
93 + -32 - 70 - (-7 + 2 - -1)
-5
Evaluate -70 + 31 + 40 - (-12 - -1).
12
(-3 - -23) + -3 + 46 + 39 + -34
68
Calculate (2 - 4) + (11 - 6 - 13 - -21).
11
What is the value of 15 + 1 + 138 + -118 + 2 + -17?
21
Evaluate 99 - 2 - (-166 - (-169 + -19)).
75
What is the value of (-1 - 21 - -2) + (-34 - -41) + 44?
31
Evaluate -7 - (-11 - 1) - (2 + 0 + -13).
16
Evaluate 565 - 564 - (-2 - (25 - 3)).
25
What is (-9 + 3 - -2) + (-51 - 15) + 6?
-64
Evaluate -2 + (1 - (0 + 0)) - (436 + (-217 - 225)).
5
What is the value of -348 - -336 - (-1 + -28) - -18?
35
Calculate 3 + (5 - (10 + -31)) - -34.
63
Calculate 16 + (-85 - -77 - 11).
-3
Calculate (-9 - 5) + 15 + (-9 - -1) - (-52 - -2).
43
Calculate (-7 - -77) + 3 + -23.
50
What is the value of -27 + 5 + (14 - 3) - (-27 + 51)?
-35
-362 + 344 - (-3 - 12) - 80
-83
What is the value of (-45 - -33) + 15 - (46 + -4)?
-39
Evaluate 93 + -94 + (9 - -27).
35
-14 + -1 - ((-5 - -149) + -130)
-29
1 - -5 - ((-243 - -255) + (-6 - (-2 + -16)))
-18
What is the value of -2 + -54 + 4 + 97?
45
What is -1 + -1 - 9 - (3011 + -3061)?
39
Calculate -1 - -137 - (2237 + -2116).
15
147 - 102 - (-4 + 0) - (1 + -14)
62
((2 - 3) + -1 + -7 + 11 - -9) + -36
-25
-11 + -8 + 19 + -5 + -114 + 124
5
Calculate 79 + (115 - 208) + (9 - -1).
-4
Evaluate -32 + (-79 + 56 - -44).
-11
Evaluate -111 - (-66 + 38 + -15) - (1 + 1).
-70
Calculate -9 - -9 - 21 - (-493 - -403).
69
What is -2 + 3 + 5 + -9 + 27?
24
1 + 5 + -1343 + 1316
-21
What is the value of -3 - (3 - 8) - ((-4 - (-2 + -37)) + 10)?
-43
(4 - 7) + 11 + (3 - (43 - 12))
-20
Evaluate -4 + 2 + 113 - (-21 + (3 + -25 - -54)).
100
Evaluate (-52 - -162) + 17 - (38 - 1).
90
What is (58 - 114) + 20 - -30?
-6
Evaluate 6 + 4 + -18 + -7 + 14 + -35.
-36
What is 18 + -25 + (27 - 15) - 47?
-42
67 - ((22 - 37) + 40 - (28 + 0))
70
Calculate -55 - ((-4 - (-2 - 2)) + (-11 - 27 - -29)).
-46
What is 124 + 10 + 45 + -139?
40
Calculate -168 - (-38 + -97) - -16.
-17
Calculate -49 + (13 - (25 + -47)).
-14
Evaluate (-28 - 20) + -8 + 9.
-47
What is the value of (-7 - (9 - -58)) + -20 + 15 + 22?
-57
(-343 - -391) + (-11 - 1) - -109
145
What is the value of 20 + -36 - (2 + 21)?
-39
Evaluate -14 + 43 - (3 + 2 - 2) - 6.
20
What is the value of (22 - (9 + -53 - -22)) + 12 + 3?
59
Evaluate -45 + (-14 - (22 - (23 + 12))).
-46
Evaluate (9 + 10 + 3 - 14) + 16 + 1 + -2.
23
What is the value of -120 + 184 + (0 - (-5 + 4))?
65
3 - -13 - -16 - (31 + -28)
29
Evaluate (5 - 8) + 1 + 7 + (11 - (-11 - -36)).
-9
(19 - ((166 - 160) + 4 + -2)) + 2
13
Calculate (41 - (-7 + 12) - -1) + (-86 - -108).
59
Evaluate -22 + 114 - (-58 - -102).
48
What is the value of (13 + (0 - 1) + 14 + -38 - -11) + -63?
-64
Calculate 209 + -233 - (-54 - 5).
35
(-22 - (-37 + 21 + -3 + 1)) + 81
77
Calculate -19 + (-59 + 56 - (2 + 3)).
-27
Calculate (-25 - (-31 + -55 - -1)) + 19.
79
What is the value of -149 + 133 + (-7 - (-54 + -4))?
35
What is -12 + -3 + 5 + 13 + 7 + 9?
19
Calculate 10 + -60 + -12 - (-38 + 25).
-49
What is the value of 10 + (107 + -154 - -53) + (1 - 0) + 106?
123
Evaluate 168 - (90 - (66 + -27)).
117
Calculate (-1 + 10 - 18 - 26) + 6 + -9 + 8.
-30
What is the value of (-8 - -27) + 16 + 108 + -25?
118
Evaluate (-1 - -21) + (-16 - -12) - 6 - -19.
29
What is the value of -20 + (4 - (12 + -25 + (28 - -2)))?
-33
-112 - (137 - 243) - (-83 - -2)
75
What is (-23 - (8 - 7) - (-6 + 5)) + -12?
-35
What is -41 + (50 - 8) + -26?
-25
(-4 - -6) + (27 - 125 - -114)
18
What is the value of -39 - (-32 - (5 - (33 + -24)))?
-11
What is -5 - (-13 - 2 - (15 + -31 - -14))?
8
What is the value of 89 - 113 - (-76 - (-1 + 1))?
52
(1 - 5) + (4 - 8 - -19) + -197 + 209
23
What is the value of -1 - 3 - (14 + (-24 - (-8 + 5))) - 56?
-53
Calculate (1 - -48) + -38 - -13.
24
What is (14 - (-8 - 0)) + 16?
38
Calculate 6 - (14 + (4 - (26 + -2))).
12
Evaluate (22 + -29 - -10) + (36 - 119).
-80
What is the value of (-6 - (3 - 4) - -1) + (-29 - (20 - 45))?
-8
What is -249 - (-227 - -124) - -199?
53
(-1 + -7 - (-19 + 0)) + -8
3
Evaluate (20 + (24 - 27) - 20) + (-1 - 11) - -52.
37
2 - 15 - (16 - 29) - (-6 + -8)
14
0 - (1 - 9) - (-6 + 3 + 21 + -57)
47
(1560 - 1533 - (-1 - -32)) + (1 - 0 - -60)
57
Calculate 3 + -1 + -9 - 21 - -17.
-11
Calculate 1 + (-17 - ((0 - 0) + -2)) + (-16264 - -16371).
93
Calculate (-21 - -2) + -1 + 3 + 26 + (-55 - -27).
-19
Calculate 3 - -15 - ((37 - (28 + -12)) + -2 + -12).
11
Calculate -52 + 38 + 82 + 4 + -3 + 2.
71
Calculate -101 + -2 + 5 - (21 - (9 + -14 + 13)).
-111
11 + ((2 - -18) + -74 - -19)
-24
Calculate (0 + -1 - -5) + -391 + 415 + -11.
17
Evaluate -26 + (6 + 46 + -27 - (15 - 2)).
-14
Calculate (-4 - (9 + -7 + (-6 - 9))) + 14.
23
Calculate -12 + -69 + 42 + (115 - 2).
74
Evaluate -2 + 32 - (-4 + 10 + 19).
5
What is the value of 4 + (-32 - 17 - -32)?
-13
-49 - (-40 + (4 - -16 - 146))
117
Calculate -35 - -35 - (13 - (-3 - 26)).
-42
Calculate (-141 - -130 - (47 + -15)) + -22.
-65
What is the value of 3 + 5 - (70 - 44 - 4)?
-14
What is the value of (69 - -25 - 109) + -20?
-35
((-1 - 0) + 2 - 3) + (-121 - -99) + 14
-10
What is the value of (1 - -87 - 53) + 1 + 37?
73
Evaluate (7 - (-2 - (-5 - 0))) + 3455 + -3436.
23
What is the value of 26 - (67 - -17 - -33)?
-91
(36 - 28) + (-13 - 41) - (15 - 1)
-60
Calculate 17 + 6 - -7 - (-2 - (3 + -19)).
16
Calculate 0 + 5 - 82 - (-13 - 3).
-61
What is the value of (5 - -1) + (-146 - -136) + -3 + 3 + -4?
-8
What is 21 - (-20 + 17 + 8 + -27)?
43
What is the value of -43 + 0 + 17 + -5?
-31
-90 - -124 - 96 - (1 - 14)
-49
-334 + 315 - (-7 - (-2 + 0 - -1))
-13
Evaluate -13 + 40 + -6 + (16 - (-5 - -25)).
17
Calculate -34 + (7 + -9 - 33) + 36.
-33
What is the value of (-26 - -150) + -89 - (-24 - -1)?
58
Calculate -106 - (-6 - (-4 - -6)) - (-206 - -205).
-97
-18 + 70 + 26 + (-40 - 3)
35
Evaluate -3 - 190 - (-676 + 596).
-113
3 - 100 - (-1668 - -1649)
-78
Evaluate 17 + -3 - ((-19 - (-6 + -14)) + 16 + -15).
12
(-